77398019 composite?
True
Is 1556669 composite?
False
Is 3659069 a composite number?
False
Is 14691247 a composite number?
True
Is 4833977 prime?
True
Is 23298739 composite?
True
Is 1515461 a prime number?
True
Is 12051947 a composite number?
True
Is 1238321 a prime number?
False
Is 71081327 a composite number?
False
Is 5185738 a composite number?
True
Is 3056843 composite?
False
Is 1036645 a composite number?
True
Is 79374653 a composite number?
True
Is 6077507 a composite number?
False
Is 48363431 a prime number?
True
Is 124268345 prime?
False
Is 314164355 a prime number?
False
Is 65657779 composite?
True
Is 792937 a composite number?
True
Is 789655 prime?
False
Is 12163037 prime?
False
Is 17908953 prime?
False
Is 28206341 prime?
False
Is 74923789 prime?
True
Is 116866849 a composite number?
True
Is 1995497 prime?
False
Is 315937 a prime number?
True
Is 1060091 a composite number?
False
Is 6174229 a prime number?
True
Is 10986467 prime?
False
Is 16894271 composite?
False
Is 6317503 composite?
False
Is 73141903 composite?
True
Is 880511 prime?
False
Is 44131441 prime?
False
Is 2177143 composite?
False
Is 2496997 prime?
False
Is 7101313 composite?
False
Is 115256353 a prime number?
False
Is 56463941 a prime number?
True
Is 9566657 a composite number?
True
Is 1869823 a prime number?
True
Is 64872058 a prime number?
False
Is 2611507 prime?
True
Is 113450773 composite?
False
Is 486416471 a composite number?
False
Is 169837631 composite?
False
Is 172221397 composite?
False
Is 4179993 prime?
False
Is 88347139 prime?
True
Is 74361613 a prime number?
False
Is 92119517 a composite number?
True
Is 245129 a composite number?
False
Is 1047731 a composite number?
True
Is 65518021 composite?
True
Is 985499 composite?
False
Is 606829 a composite number?
False
Is 899051 a composite number?
False
Is 16650587 a composite number?
True
Is 2970455 composite?
True
Is 8425169 composite?
False
Is 159463 composite?
False
Is 4812711 prime?
False
Is 21336719 a composite number?
True
Is 18723479 a prime number?
False
Is 760668229 prime?
True
Is 18982759 composite?
False
Is 50256103 prime?
True
Is 553013 composite?
False
Is 12386737 composite?
True
Is 8235371 a composite number?
False
Is 34031 a composite number?
False
Is 6788461 a composite number?
True
Is 177979 composite?
False
Is 7077053 prime?
False
Is 11870167 prime?
True
Is 22215103 a prime number?
False
Is 5854651 a composite number?
True
Is 1821541 a prime number?
True
Is 92257819 prime?
False
Is 4779251 prime?
True
Is 78308441 prime?
False
Is 29144767 composite?
True
Is 118028177 prime?
True
Is 13244947 prime?
False
Is 613900877 prime?
False
Is 4152859 composite?
False
Is 1659629 composite?
False
Is 3054851 a prime number?
False
Is 383879411 prime?
True
Is 30073249 a prime number?
True
Is 49309955 composite?
True
Is 25277407 prime?
True
Is 1305047 composite?
False
Is 26477434 composite?
True
Is 3652543 prime?
True
Is 60862379 prime?
True
Is 6478307 composite?
True
Is 695759 a prime number?
False
Is 1023564505 a composite number?
True
Is 167471 a prime number?
True
Is 102558823 a composite number?
False
Is 116060849 composite?
False
Is 12091253 a prime number?
True
Is 461761 a composite number?
True
Is 608459 a prime number?
True
Is 3621103 composite?
False
Is 5008733 prime?
False
Is 431789 composite?
True
Is 83413 a composite number?
True
Is 14471869 composite?
False
Is 558703 composite?
False
Is 190819349 a composite number?
True
Is 651905167 a prime number?
False
Is 126478129 a prime number?
False
Is 3375329 prime?
True
Is 91959913 a prime number?
True
Is 57388033 a composite number?
True
Is 4523165 composite?
True
Is 20478595 a prime number?
False
Is 24679477 a composite number?
False
Is 7863637 composite?
False
Is 14421319 prime?
False
Is 3987457 prime?
False
Is 37994633 prime?
True
Is 55321973 a composite number?
True
Is 8345581 a composite number?
False
Is 46615391 prime?
False
Is 625193 a prime number?
False
Is 590641 prime?
True
Is 1669138 a composite number?
True
Is 22864583 a prime number?
False
Is 3494669 composite?
False
Is 11909913 a prime number?
False
Is 343723 a composite number?
True
Is 7931347 composite?
False
Is 124606003 prime?
True
Is 49120579 prime?
True
Is 11672153 composite?
False
Is 8155537 prime?
False
Is 45822727 prime?
True
Is 1315211 prime?
True
Is 1056563 prime?
True
Is 4207057 a prime number?
False
Is 218763847 a composite number?
True
Is 9128033 a composite number?
True
Is 8039393 a composite number?
False
Is 36973 a prime number?
True
Is 44415479 a composite number?
False
Is 66797993 a composite number?
True
Is 77920723 prime?
False
Is 962462477 prime?
True
Is 15519233 prime?
True
Is 11110361 a prime number?
False
Is 18265747 a prime number?
True
Is 133084813 prime?
True
Is 2175491 prime?
False
Is 13770353 composite?
True
Is 1092737 a prime number?
False
Is 1847459 a composite number?
True
Is 9190669 composite?
False
Is 4097299 composite?
False
Is 86210539 a composite number?
False
Is 3177139 a composite number?
True
Is 12126463 a composite number?
True
Is 36021971 a prime number?
True
Is 24730777 a composite number?
True
Is 11277871 composite?
True
Is 28810679 a prime number?
False
Is 143439811 prime?
True
Is 5764841 a prime number?
True
Is 5397067 composite?
True
Is 1830461 prime?
False
Is 103314581 prime?
True
Is 46234121 a composite number?
False
Is 45322009 a composite number?
False
Is 1946461 prime?
False
Is 5600359 composite?
False
Is 3843633 prime?
False
Is 20336321 prime?
False
Is 8889143 composite?
False
Is 21040853 a composite number?
True
Is 59541749 composite?
False
Is 57419599 prime?
True
Is 7571599 a prime number?
False
Is 15314821 prime?
False
Is 59282309 a composite number?
False
Is 61602833 a composite number?
False
Is 122423977 a composite number?
True
Is 2195891 a prime number?
True
Is 12019249 composite?
True
Is 1478677 composite?
True
Is 81863599 prime?
True
Is 7263183 composite?
True
Is 72619769 prime?
False
Is 35325727 a composite number?
False
Is 56073919 composite?
True
Is 52102423 a composite number?
False
Is 36215549 a composite number?
False
Is 7328051 a composite number?
False
Is 260762137 prime?
False
Is 54757217 composite?
True
Is 20884649 a composite number?
False
Is 5676787 a composite number?
False
Is 1160765 a composite number?
True
Is 17270779 prime?
True
Is 25078409 a composite number?
True
Is 41148137 prime?
True
Is 932730671 composite?
False
Is 207589 a composite number?
False
Is 726449743 a composite number?
True
Is 4825735 composite?
True
Is 125793677 a composite number?
True
Is 13931987 prime?
True
Is 250503215 composite?
True
Is 3263791 composite?
False
Is 16174643 prime?
False
Is 130173 prime?
False
Is 37353271 a composite number?
True
Is 15155759 composite?
False
Is 655258673 a prime number?
False
Is 1260317 composite?
False
Is 125038041 a prime number?
False
Is 315326005 a composite number?
True
Is 74156507 composite?
False
Is 4446907 a composite number?
True
Is 4096043 prime?
False
Is 1485371 a composite number?
True
Is 606377 a composite number?
True
Is 926701 prime?
True
Is 1383253 prime?
False
Is 1257677885 prime?
False
Is 94325903 a composite number?
True
Is 30888863 a composite number?
False
Is 4546709 composite?
True
Is 2936321 a prime number?
False
Is 2043617 a prime number?
True
Is 31001963 composite?
True
Is 664177 prime?
True
Is 235940387 a prime number?
True
Is 148908971 prime?
True
Is 3908579 a prime number?
False
Is 4912891 a prime number?
True
Is 844609 a prime number?
True
Is 209836997 a composite number?
False
Is 12235549 prime?
False
Is 12477427 prime?
False
Is 6467 a prime number?
False
Is 370189 prime?
False
Is 8997731 composite?
True
Is 18584639 composite?
False
Is 20609437 a composite number?
True
Is 8679149 a prime number?
False
Is 48007301 a prime number?
True
Is 12389 a prime number?
False
Is 220011149 prime?
True
Is 1830547 a prime number?
False
Is 2841682 composite?
True
Is 70818511 prime?
False
Is 7891421 a prime number?
True
Is 3355295 a composite number?
True
Is 502669 composite?
False
Is 104780003 composite?
True
Is 1279001 prime?
True
Is 812519 a composite number?
False
Is 3039481 prime?
False
Is 16288381 composite?
False
Is 11405479 a composite number?
False
Is 70637293 prime?
True
Is 60811 a pri